the remainder when j is divided by i?
9
Let x(z) = -z + 9. Let j be x(4). Suppose 2*r - j*b = 24, 2*r + 2*b + 0*b = 24. Suppose -5*n + 139 + 36 = 0. Calculate the remainder when n is divided by r.
11
Suppose 0 = -w - 13 + 45. Calculate the remainder when 413 is divided by w.
29
Let p = 320 + -206. What is the remainder when p*(4/(-12))/(-1) is divided by 21?
17
Suppose 0 = -6*w + 9*w, 0 = -4*g - 2*w + 400. Let k(z) = -9*z. Let x be k(-6). Let l = g - x. What is the remainder when l is divided by 16?
14
Suppose -3 = b - 2*b + a, -3 = -4*b - 5*a. Suppose 2*n - 5*k - 32 = 9, -5*k - 9 = b*n. Let c(o) = 7*o - 18. What is the remainder when c(7) is divided by n?
7
Calculate the remainder when (-4)/16 + 6*638/16 is divided by 60.
59
Let h(z) = -20*z - 41. Let v(t) = 7*t + 14. Let n(i) = -6*h(i) - 17*v(i). Suppose -4*y + y = -90. What is the remainder when y is divided by n(8)?
14
Let c(p) = 11*p**2 - 7*p**2 + 8 - 3*p**2 + 8*p. What is the remainder when 37 is divided by c(-8)?
5
Let o(d) = d + 5 + 3 + 5. What is the remainder when 25 is divided by o(-4)?
7
Let i(z) = -4 + 2*z**3 + 3*z - 4*z**2 + 8*z**2 - 3*z**3 - 2*z. Let s be i(4). Let m(g) = g**3 - g + 13. Calculate the remainder when 24 is divided by m(s).
11
Suppose 3*p + h + 18 = 7*p, -h = -p + 3. Suppose 14 = p*i - 226. Suppose -4*g + 7*g - i = 0. Calculate the remainder when 61 is divided by g.
13
Suppose -3*i + 12 = 2*x + 3, -14 = -5*x + i. What is the remainder when 54 is divided by x?
0
Let w(i) = 7*i + 13. Let m be w(10). Suppose -7*f + 631 + m = 0. Calculate the remainder when f is divided by 26.
24
Let w(r) = -5*r + 103. Let b = -23 + 48. What is the remainder when b is divided by w(18)?
12
Let h = 0 + 4. Suppose -h*b + 194 = -118. Suppose -3 = 5*w - b. Calculate the remainder when 59 is divided by w.
14
Suppose -19 = -f + 4. Let y(d) = d**3 + 4*d**2 + 2*d + 3. Let r be y(-4). Calculate the remainder when ((-17)/2)/(r/40) is divided by f.
22
Suppose 13 - 73 = 4*k. Suppose -20*x + 74 = -18*x. Calculate the remainder when x is divided by k/(-10)*(-52)/(-6).
11
Let i = -124 - -155. Calculate the remainder when 54 is divided by i.
23
Calculate the remainder when 4/(-26) - (2 + 9630/(-234)) is divided by 23.
16
Let b(t) = -9*t**3 + 2*t**2 - t. Let x be b(2). Let z = 78 + x. What is the remainder when z is divided by 7?
5
Let k = 142 + -53. Suppose 5*f + 5*n - 60 = 0, 2 + 13 = 5*n. What is the remainder when k is divided by f?
8
Let k be 11 - 11 - (0 + -4). Suppose -1 = -k*r + 23. What is the remainder when 14 is divided by r?
2
Suppose 7 = 3*t - 8. Let w(a) = 9*a**2 + 67*a + 85. Calculate the remainder when w(-6) is divided by t.
2
Let j(b) = -3*b**3 - b**2 - 7*b - 3. Calculate the remainder when 69 is divided by j(-2).
7
Let b(i) = i**2 + i + 12. Suppose -5*d = 0, -2*p = -0*p - 5*d. Suppose 4 = 3*l - 7*l, 2*l + 232 = 5*u. What is the remainder when u is divided by b(p)?
10
Suppose m = 4*b - 4*m - 151, b + 5*m = 19. What is the remainder when b is divided by 6?
4
Let n(b) = -12*b - 47. What is the remainder when 179 is divided by n(-5)?
10
Let x(f) = 162*f**3 - f**2 + 3*f - 1. What is the remainder when x(1) is divided by 15?
13
Suppose 5*d + 5*s - 30 = 0, -4*d + 4*s - 14 = -6*d. Let i(h) = h**3 - 6*h + 4. Calculate the remainder when i(d) is divided by 25.
24
Suppose -48 = q - 3*q - 3*h, -2*h = 5*q - 98. Suppose 0 = -2*i + 2 + q. Calculate the remainder when 17 is divided by i.
7
Let n(m) = -m + 44. Let r = -6135 - -6148. Calculate the remainder when n(0) is divided by r.
5
Let z(m) = 4*m**2 - 2. Let v = -6 - -9. What is the remainder when z(v) is divided by (4/5 - 2)*135/(-18)?
7
Suppose -120 = -3*u - 3. Suppose -8*p - 32 = -2*s - 6*p, -3*s - 4*p = -34. Calculate the remainder when u is divided by s.
11
Calculate the remainder when 527 is divided by 19 - 16 - (-20 - -1).
21
Calculate the remainder when 171 is divided by (-12)/(-2) + (-11 - 2 - -54).
30
Let c = 718 + -411. Calculate the remainder when c is divided by 63.
55
Let r(t) = -10*t - 54. What is the remainder when 21 is divided by r(-7)?
5
Suppose 30 = 3*f - 4*l - 16, -5*l = -3*f + 50. What is the remainder when 149 is divided by f?
9
Suppose -20 = -3*w + g, 3*w = g - 2*g + 28. Suppose 15 = j - 29. Suppose 4*c = w*c - j. What is the remainder when 30 is divided by c?
8
Let r(f) = f**2 + 4*f + 2. Let j be r(-7). Let t be j + -3 + 5 - 1. Suppose -t = -5*x + 3*y + 9, y = 3*x - 23. What is the remainder when 17 is divided by x?
8
Suppose -25*n = 27*n - 4472. What is the remainder when n is divided by 10?
6
Suppose 5*h + 2*u - 113 = 28, 0 = 4*h - 4*u - 124. Suppose r - 25 = 3*v - 4, 5*r + 4*v - h = 0. What is the remainder when r is divided by 2?
1
Suppose -47*a - 399 = -54*a. What is the remainder when a is divided by 28?
1
Let q(g) = -5*g - 2. Let s be q(-3). Let w = s - 5. What is the remainder when 31 is divided by w?
7
Suppose 14 = 2*t + 6, 0 = 2*j + 5*t - 40. Calculate the remainder when (0 - (-1 - 0)) + 16 is divided by j.
7
Let m = 29 - 19. Calculate the remainder when m is divided by 88/(-22) + (-1)/(2/(-20)).
4
Calculate the remainder when 35 is divided by (2 - 6) + 11 + 2.
8
Suppose 2*q + 5*h - 101 = 0, -5*h + 144 = 81*q - 78*q. What is the remainder when 642 is divided by q?
40
Suppose 27 = 7*f + 6. Calculate the remainder when (-2)/((-16)/390) + f/12 is divided by 28.
21
Let x = 37 - 188. Let m = x - -177. What is the remainder when m is divided by 17?
9
Suppose 41 = -4*d + 161. Suppose 0 = d*w - 32*w - 56. What is the remainder when 6/(-14) + (-936)/w is divided by 17?
16
Suppose 4*p + 8 = 6*p. Suppose -9*x + 40 = -p*x. Calculate the remainder when 22 is divided by x.
6
Suppose 14 = 2*b - 330. Let o = b - 98. Calculate the remainder when o is divided by 26.
22
Suppose b = -2*b + 132. Suppose 0 = 10*y - 38 - 72. Suppose 2*f - y*f + 81 = 0. Calculate the remainder when b is divided by f.
8
Suppose 2 = -2*p + 6. Suppose -3*d + 38 = -5*j, 0 = -p*d + j + 1 + 15. Suppose 4*q + 50 = d*q. Calculate the remainder when 74 is divided by q.
24
Let k(x) = -x**3 - 3*x**2 - 3*x - 6. Let z = -12 - -8. Suppose -2*a + 5*p + 14 = -2, 4*a - 2*p - 48 = 0. Calculate the remainder when k(z) is divided by a.
9
Let o = -16 - -32. Suppose -2*w = -k - 4*k + 473, 5*w = k - 113. Let t = -31 + k. What is the remainder when t is divided by o?
14
Let w(u) = 86*u**3. Suppose -102 = 4*m - 2*i, -5*m - 4*i - 131 = -3*i. Let p = m + 48. Calculate the remainder when w(1) is divided by p.
20
Calculate the remainder when 36175/175 - 8/(-28) is divided by 56.
39
Suppose -5*w + 358 = 2*o, 4*o - 18*w = -14*w + 772. Calculate the remainder when o is divided by 45.
9
Let u = -1696 + 1738. What is the remainder when 224 is divided by u?
14
What is the remainder when 362 is divided by -6 + -4*(-7 - -6) - -75?
70
Suppose -p - 66 + 99 = 0. Let q = p - 0. What is the remainder when q is divided by 18?
15
Let m(j) = 2*j**3 + 3*j**2 + 2*j. Let o be m(-3). Suppose 0 = -4*x + 180 + 32. Let h = x + o. Calculate the remainder when h is divided by 11.
9
What is the remainder when 420/196*7*5 is divided by 23?
6
Suppose 115 = 5*z - 25. Suppose v - 24 = -4*g - 3*v, v = 1. What is the remainder when z is divided by g?
3
Suppose j + 52 + 10 = s, -3*s = j - 202. Suppose -k - q = -s, 5*q + 4 = 9*q. Calculate the remainder when k is divided by 11.
10
Let x be 550/45 - 4/18. Let i = x - 14. Calculate the remainder when 34 is divided by (1 - -1)/i - -10.
7
Let d = 373 - -43. Calculate the remainder when d is divided by 35.
31
Suppose 2*s - 11 = -1. Let w(i) be the first derivative of 5*i**2/2 - 12*i + 5. What is the remainder when w(5) is divided by s?
3
Let q be (-3712)/(-112) + 2/(-14). Suppose 42 = 35*x - q*x. What is the remainder when 82 is divided by x?
19
Suppose 4*m + 3*v - 7*v = 16, -2*m + 10 = -v. Calculate the remainder when 89 is divided by m.
5
Let n = -38 - -75. Suppose n - 89 = -2*l. What is the remainder when 102 is divided by l?
24
Let i = -381 - -401. What is the remainder when 173 is divided by i?
13
Let d(o) = 4*o**2 - o - 8. What is the remainder when d(-10) is divided by 29?
25
Let c = 346 - 240. Suppose -4*r + c = 2*z, 5*z + 86 = -0*r + 3*r. Let n = 40 - 24. Calculate the remainder when r is divided by n.
11
Suppose 0 = -5*d + 4*o + 88, 62 = -d + 5*d + o. Calcu